 11, what is 7216 - 20a46?
-14830
In base 8, what is -563465 + 141?
-563324
In base 5, what is -102430 + 1022?
-101403
In base 14, what is -333a90 - -3?
-333a8b
In base 13, what is -2c + 3851a?
384bb
In base 13, what is 5 + -2613a10?
-2613a08
In base 14, what is -3400 - -52?
-338c
In base 10, what is -673718403 + -3?
-673718406
In base 8, what is -111045 - 2660?
-113725
In base 6, what is -12 - -13113033225?
13113033213
In base 2, what is -10000000101001111111010 + 11010?
-10000000101001111100000
In base 3, what is 200220011102 - -2022110?
200222110212
In base 9, what is 2 + 3401812?
3401814
In base 2, what is -10 - 1010000010100111001001?
-1010000010100111001011
In base 3, what is -102 + -11011100101110?
-11011100101212
In base 5, what is 22020242 + -10001?
22010241
In base 8, what is 502700 + 121?
503021
In base 10, what is 14 - -600209?
600223
In base 6, what is -250205 + -114?
-250323
In base 4, what is -232 + -111332320?
-111333212
In base 14, what is c3 + -a5810?
-a572b
In base 8, what is 7400140 + 345?
7400505
In base 13, what is 4 - 777ab4?
-777ab0
In base 5, what is 2004 + -113144001?
-113141442
In base 3, what is 11 - -112112120021112?
112112120021200
In base 4, what is 10 + 12120010332220?
12120010332230
In base 3, what is 111 - 2011010121221?
-2011010121110
In base 9, what is -288586 + 5?
-288581
In base 5, what is 23222 - 21443?
1224
In base 14, what is 3a2c0b8 + -4?
3a2c0b4
In base 14, what is -446d7 + -17?
-44710
In base 6, what is 103410 - -232203?
340013
In base 15, what is 2a3735 - -3?
2a3738
In base 9, what is 1253 + -4103?
-2740
In base 13, what is -1 - 3a329a5?
-3a329a6
In base 7, what is 21603 - -312341?
334244
In base 13, what is -307c991 - -2?
-307c98c
In base 13, what is a00bc - -3cb?
a04ba
In base 8, what is 5 - -7737115?
7737122
In base 14, what is 105d874 + -1?
105d873
In base 8, what is 12 + -123145020?
-123145006
In base 4, what is 2102 + 201123?
203231
In base 12, what is -3 - -6a1703?
6a1700
In base 16, what is 7e0e93a - b?
7e0e92f
In base 11, what is -25 - -2742a21?
27429a7
In base 10, what is 1102905 + -13?
1102892
In base 8, what is 11475 + -11000?
475
In base 16, what is 116 + -e62c?
-e516
In base 11, what is 6a366a + 18?
6a3687
In base 5, what is 1120232312 - 140?
1120232122
In base 10, what is 753 + 23068?
23821
In base 12, what is -9 + b82b95?
b82b88
In base 9, what is -1872761 - 4?
-1872765
In base 8, what is -461563531 + 2?
-461563527
In base 10, what is 776067 - -29?
776096
In base 7, what is 5566530 - 0?
5566530
In base 10, what is 5646 - -2361?
8007
In base 7, what is 133 + -26035344?
-26035211
In base 3, what is -122120121210010021 - -10?
-122120121210010011
In base 11, what is -1 + 1a72767?
1a72766
In base 9, what is -8274 - 633?
-10017
In base 7, what is 62 + -4340326?
-4340234
In base 9, what is 84750 - 3117?
81632
In base 14, what is -2 - -9243d?
9243b
In base 15, what is 20aca5a2 + -3?
20aca59e
In base 14, what is -1a014b + 135?
-1a0016
In base 2, what is -110110000100 - -110111011011111?
110000101011011
In base 6, what is 14 - 1142533?
-1142515
In base 13, what is -1cb1 + -2001a?
-21ccb
In base 8, what is -536052771 + -2?
-536052773
In base 11, what is 6a - -1a3905?
1a3974
In base 3, what is -11100 - -10000011022201?
10000011011101
In base 10, what is 9851 - -2062?
11913
In base 4, what is 113203 - 113313313?
-113200110
In base 16, what is 11dbb - 384?
11a37
In base 3, what is 22 + 202000010020?
202000010112
In base 11, what is -55146 - -909?
-54338
In base 16, what is 8b2 - -c4?
976
In base 4, what is -13 + -1003120213?
-1003120232
In base 4, what is -122102133023132 + -11?
-122102133023203
In base 12, what is -8 - -110a996?
110a98a
In base 7, what is -244 - -100435?
100161
In base 10, what is 302460 + -80?
302380
In base 13, what is 140b41 + 82?
140bc3
In base 10, what is 7 - -26847007?
26847014
In base 12, what is -683 - -17098?
16615
In base 12, what is -180 - 14692?
-14852
In base 13, what is -79b6031 - 4?
-79b6035
In base 5, what is 13342 - 10242223?
-10223331
In base 2, what is -100110 - 101001101110010011?
-101001101110111001
In base 11, what is 175 + -11693?
-11519
In base 12, what is -8 - -404b91?
404b85
In base 11, what is 321a0 - -3a43?
36133
In base 7, what is 2 + -114023412?
-114023410
In base 3, what is -12 - -1201201022001?
1201201021212
In base 15, what is 24 + d44986?
d449aa
In base 3, what is 101 + -21211210122000?
-21211210121122
In base 13, what is -23 - -36095?
36072
In base 15, what is -1 + 209d5b?
209d5a
In base 10, what is 4 + 100944862?
100944866
In base 4, what is 20110223232312 + -1?
20110223232311
In base 14, what is -86add3 - 4?
-86add7
In base 2, what is -11101000001011111101 + -100?
-11101000001100000001
In base 5, what is -1312013 - 2104?
-1314122
In base 8, what is 34602304 + -70?
34602214
In base 9, what is -217478 - 5?
-217484
In base 15, what is 356e1 - 9d?
35643
In base 2, what is -100011011100010 - 1100100011110000?
-10000111111010010
In base 15, what is 6427 - becd?
-5aa6
In base 4, what is -11 - -3331220232?
3331220221
In base 4, what is 1013232 - -2010310?
3030202
In base 9, what is -11440505 - -4?
-11440501
In base 14, what is -37 - cb2019?
-cb2052
In base 10, what is 0 - -4384198?
4384198
In base 16, what is -9 + -178490?
-178499
In base 14, what is 9ac7c6 - 7?
9ac7bd
In base 9, what is -487337 + 110?
-487227
In base 16, what is -10 + d72e6?
d72d6
In base 14, what is -14c3 - -1a8a5?
193c2
In base 2, what is 1101000000011011 - -1010111011111?
1110010111111010
In base 4, what is -1130 - -111110111?
111102321
In base 4, what is 1022000232221021 + -10?
1022000232221011
In base 3, what is -112021 - -112021222?
111202201
In base 5, what is 33022042011 + -4?
33022042002
In base 8, what is 20211124 + -7?
20211115
In base 8, what is 143 + -3053?
-2710
In base 12, what is 10 + -2889ba?
-2889aa
In base 2, what is 0 - 1100101110111000011011?
-1100101110111000011011
In base 3, what is -1 - -11001000110022112?
11001000110022111
In base 10, what is -2643 + 66594?
63951
In base 14, what is -187 - -2b0a0?
2ad17
In base 14, what is -ba7 + 444?
-763
In base 7, what is -4 - 6152561666?
-6152562003
In base 10, what is -364 - 17727?
-18091
In base 11, what is 224 - 142322?
-1420a9
In base 4, what is 11 - 31101231333132?
-31101231333121
In base 8, what is -763070 - 1673?
-764763
In base 13, what is -25c9966a7 - 0?
-25c9966a7
In base 4, what is 2212 - 3313131001?
-3313122123
In base 13, what is a9548 + 7ba?
aa035
In base 9, what is -27 - -441180?
441152
In base 8, what is 325 + 10365?
10712
In base 2, what is 10101 + 111001000011011111100000?
111001000011011111110101
In base 15, what is -331 - 1648?
-1979
In base 3, what is 1222 - -102102010021?
102102012020
In base 5, what is -101122402 + 21?
-101122331
In base 12, what is -69282 + 67?
-69217
In base 8, what is 105257626 + 1?
105257627
In base 7, what is -15 + -24504025?
-24504043
In base 11, what is 5a627 + 267?
5a893
In base 2, what is 10111 - 1101010110110110?
-1101010110011111
In base 4, what is -1333213321 + 2232?
-1333211023
In base 12, what is -79 - 66a7a0?
-66a859
In base 9, what is 305078441 - 2?
305078438
In base 11, what is -5 - -3507851?
3507847
In base 7, what is -25 - -6252?
6224
In base 11, what is -219 + 303a7?
30189
In base 12, what is 33608 - -84?
33690
In base 7, what is -5 - -10256461?
10256453
In base 3, what is 0 + 111000210122001?
111000210122001
In base 8, what is -155512477 - -11?
-155512466
In base 6, what is 32034 - 113143?
-41105
In base 15, what is -19b63c8 + 2?
-19b63c6
In base 11, what is -22a + 39901a?
3988a0
In base 5, what is -1313 - 1112003?
-1113321
In base 16, what is 11acf06 + -5?
11acf01
In base 12, what is -b851 + -324?
-bb75
In base 8, what is -41 - -2406?
2345
In base 15, what is -1e19 + 28c?
-1b7c
In base 12, what is -58 + 7a3b50?
7a3ab4
In base 13, what is 3 + -1108616?
-1108613
In base 7, what is 4 - 2613556052?
-2613556045
In base 10, what is -23990 - -1006?
-22984
In base 13, what is -8c3a40c + -5?
-8c3a414
In base 12, what is -14b + 16a3a?
168ab
In base 14, what is -200dbc + -63?
-201041
In base 14, what is 1b72 + a56?
27c8
In base 13, what is -2b + 8a6a9?
8a67b
In base 13, what is 51a + 4112?
462c
In base 5, what is 24 + 22230331311?
22230331340
In base 3, what is -12 -